3 - -19199. What is the highest common factor of z and 2892?
12
Suppose -10*f = -17 - 23. Let v be ((-4)/12)/(f/24). Let y be 249/6 + v/(-4). What is the greatest common factor of y and 28?
14
Let p(s) = s**3 + 17*s**2 + 31*s + 22. Let c = 159 + 1. Suppose 10*v - 10 = -c. Let x be p(v). What is the highest common factor of x and 2?
1
Let g = 1 + 13. Suppose 0 = 2*i - 10, 4*q - i = g - 3. Let j be ((-8)/q - -17)*2. What is the highest common factor of j and 10?
10
Suppose 0 = -3*g - 17 + 62. Let v = 969 - 432. Let o = -432 + v. Calculate the greatest common divisor of g and o.
15
Suppose -7*h = -17*h + s + 9800, -5*s + 980 = h. What is the highest common divisor of 105 and h?
35
Let r = 3173 - 2225. Let d = -937 + r. Let z(t) = 41*t - 2. Let m be z(3). Calculate the greatest common divisor of m and d.
11
Suppose 6*i - 9*i + 2841 = 0. Suppose 0 = 4*b + i - 979. Calculate the greatest common factor of 40 and b.
8
Let j = 609 - 605. Suppose -j*t - 20 = 0, 0 = -3*x + 3*t - 11 + 89. Suppose -102 = 4*c - 858. Calculate the greatest common divisor of c and x.
21
Let x(s) = 27*s - 958. Let u be x(42). Calculate the greatest common factor of 4312 and u.
88
Let b be 1*2 + (-48)/(-8). Suppose -4*y + b = -12. Suppose -y*u + 73 = -97. What is the greatest common factor of 238 and u?
34
Let w be 33/9 - 2/3. Let y be 6/8 - (-3531)/12. Let i be 10/45 + y/9. Calculate the highest common divisor of i and w.
3
Suppose 7*r = -r + 632. Let z = 74 - r. Let o be (1/(-2)*1)/(z/40). What is the greatest common divisor of o and 44?
4
Let w be 638/8 - 702/936. What is the highest common factor of 158 and w?
79
Let j(f) = 318*f**2 + 5*f + 6. Let w be j(-1). Let m = -22 + 51. What is the highest common factor of w and m?
29
Let q be (-19)/(2 + (-9 - -6)). Suppose -q*o - 40 = -24*o. What is the greatest common divisor of o and 160?
8
Let i be 42/5*(-25)/(-10). Let z = 677 + -337. Suppose -101 - 234 = -2*r + q, 2*r - z = -4*q. What is the highest common factor of r and i?
21
Suppose 3*h - 48 - 54 = 3*q, -3*h = -4*q - 100. Suppose -40*o + 839 = 4479. Let b be ((-312)/o)/(2/14). Calculate the greatest common divisor of h and b.
12
Let k be (84 + -49)*(-26)/(-7). Calculate the highest common divisor of k and 30.
10
Let i = -688 - -691. Suppose -3*s + 117 = i*y, -45*y - 5*s = -42*y - 117. Calculate the greatest common factor of 12 and y.
3
Suppose -4*o + 9*o - 808 = 4*d, -d = 2. Let w(n) = -63*n + 1. Let l be w(-1). Calculate the greatest common divisor of l and o.
32
Suppose -3*c + 331*n = 334*n - 261, -n = -5*c + 429. Let o = -267 + 396. What is the highest common factor of o and c?
43
Suppose -384 = 205*w - 210*w + s, -2*w + 2*s = -152. What is the highest common factor of 686 and w?
7
Let v be (96/(-33))/((-36)/198). What is the highest common factor of 2968 and v?
8
Suppose 0 = 36*d - 3737 - 4346 + 2827. What is the highest common factor of d and 14089?
73
Let g = -80 + 82. Suppose g*k + 118 = 26. Let c = -40 - k. What is the greatest common divisor of 42 and c?
6
Let s be (-60)/6 + 7 - 15/(-1). Let q be 8/s - ((-805)/21 + 1). What is the greatest common divisor of 19 and q?
19
Suppose -2*x = -14, -1199*x + 47 = 4*b - 1202*x. Let t be (-2 - 49)/(2/(-12)). What is the greatest common factor of b and t?
17
Suppose -3*h - 3*h = -756. Let z(u) = 418*u - 2490. Let n be z(6). Calculate the greatest common factor of n and h.
18
Let t(d) = 147*d**2 - 6*d + 8. Let i be t(-2). What is the highest common divisor of 1672 and i?
152
Let i(b) = 27*b**2 + 951*b + 20. Let w be i(6). Calculate the highest common factor of w and 34.
34
Let a = 197 + -182. Let d be -3 - a/(-10) - (-117)/6. Calculate the greatest common divisor of d and 6.
6
Suppose 5*q - 17750 = -5*t, 14*t = 5*q + 18*t - 17746. What is the greatest common divisor of 36 and q?
18
Suppose -2*s - 5*n + 77 = 0, 0*s + 4*s + 4*n - 148 = 0. Suppose a = -8 + s. Calculate the greatest common divisor of a and 8.
4
Let h be (-11591)/(-5) + (-27 - (-938)/35). What is the greatest common factor of 76 and h?
38
Let q(p) = -2*p**3 + 125*p**2 - 529*p + 143. Let f be q(57). What is the greatest common factor of f and 51?
17
Let j be 7 + (0 + 5/(-24)*-6)*4. Let r be 7 + 6 + -3 - 1. What is the highest common factor of r and j?
3
Let r be 12 - 0 - (0 - 0). Suppose -90*v + 7200 = 90*v. Calculate the greatest common divisor of v and r.
4
Let o(n) be the second derivative of -n**4/12 - 13*n**3/3 - 18*n**2 - 48*n. Let q be o(-24). What is the greatest common divisor of q and 4?
4
Let p(u) = u**3 + 22*u**2 + 22*u + 24. Let d be p(-21). Let h be (d + (-301)/35)*-10. Calculate the highest common factor of h and 8.
8
Let l = 293 - 194. Let i be 157 + -70 - 675/(-15). What is the highest common factor of i and l?
33
Let g be (0 + 2)/((-1)/(-72)). Suppose -550*k = -265*k - 16047 - 1908. Calculate the highest common factor of g and k.
9
Suppose -16*v + 569 + 935 = 0. Suppose -2*w + 137 + v = 5*a, 5*a = -5*w + 555. Calculate the greatest common divisor of w and 18.
18
Let a = 5677 - 5553. Calculate the greatest common divisor of a and 3038.
62
Let n be -30*(6/(-90)*3 - (-264)/(-80)). What is the highest common factor of n and 350?
35
Let r(l) = 11*l - 121. Let k be r(11). Suppose k = -4*w + 2*y + 6 + 20, -5*w + 3*y = -31. Calculate the highest common divisor of 72 and w.
8
Suppose -400*p - 4044 = -394*p. Let g = -584 - p. What is the highest common divisor of g and 1170?
90
Suppose -1152 = -7455*p + 7407*p. What is the greatest common divisor of 636 and p?
12
Suppose -143 = -3*y - 6*z + z, 5*y = 5*z + 305. What is the greatest common factor of 126 and y?
14
Let m be (1 - (-164)/12)/((-154)/(-1155)). Suppose -3*n - 12 = 0, 78 = 5*g + 2*n + 31. Calculate the highest common factor of m and g.
11
Let k be (-126)/(-8) - 77/(-66)*(-3)/2. Calculate the highest common divisor of k and 91.
7
Let w(q) = q**2 - 5*q + 24. Let h be w(5). Suppose 6*t = -6*t - h. Let i be ((-147)/12)/(-1) - t/(-8). What is the greatest common divisor of i and 96?
12
Let f = 34 + -27. Suppose 6*s + f*s = 65. Suppose -s*t = -2 - 13. Calculate the highest common divisor of 21 and t.
3
Let y(b) be the first derivative of -3*b**2 - 36*b - 47. Let x = 11 + -22. Let h be y(x). What is the greatest common factor of 20 and h?
10
Suppose 0 = -2*q - 5*x + 33, -3*q + 54 = -q - 2*x. Suppose 19*c - q*c = -60. Let d be (15 - 0)*(-6)/(-15). What is the highest common factor of d and c?
6
Let p be 32 + ((-9)/3 - 1). Let d = 25 - p. Let f(h) = -h**3 - 3*h**2 - 6*h - 8. Let c be f(d). Calculate the highest common divisor of 40 and c.
10
Let n be 129/(25 - (-784)/(-32)). Calculate the greatest common factor of 12642 and n.
258
Let u be (-3)/(4 + -1)*1. Let v be (11/(-2) - u)*-6. Suppose -15*i + 5550 - 1095 = -0*i. What is the highest common divisor of i and v?
27
Let w be (-16 + 40 - 12)*3/2. Suppose -5*b + 20 = -0*b. Suppose 135 = x + b*x. Calculate the greatest common divisor of w and x.
9
Suppose 30*h = 64*h - 17*h - 238. Let i = 59 - 17. Calculate the highest common divisor of h and i.
14
Suppose -4*b - 253 = y, -3*y - 20 = -5*b - 315. Let w = 18 - b. Let u(r) = 76*r - 652. Let t be u(9). Calculate the greatest common divisor of w and t.
16
Suppose -36*g + 25*g = -891. Suppose -w + g = -150. Calculate the greatest common factor of 66 and w.
33
Suppose -5*o - 3 = -v - 40, 2*v + 38 = 4*o. Calculate the highest common factor of o and 1866.
6
Let g be (-47710)/(-104) + (-4)/(-16). What is the greatest common divisor of 2997 and g?
27
Suppose s = w - 0*s - 60, 0 = -5*w - 5*s + 300. Calculate the greatest common divisor of 2580 and w.
60
Let c = 429 - 369. What is the greatest common divisor of 55 and c?
5
Suppose 2*h + 5*g = 33, 4*h + g - 48 = -h. Suppose -t + 177 = -7*j + h*j, -2*t + 5*j + 354 = 0. Calculate the highest common factor of t and 59.
59
Let n = 102 + -105. Let m(c) = -c**2 - 3*c - 3. Let h be m(n). Let l = 55 + h. Calculate the highest common divisor of 26 and l.
26
Let j(a) = -561*a - 66. Let i(o) = 43*o + 5. Let t(b) = -27*i(b) - 2*j(b). Let g be t(-1). What is the greatest common factor of g and 144?
36
Let u(w) = 4*w - 3*w**2 - 8 - w + w**3 - 2*w - 2*w. Let l be u(4). Suppose 2*x = -2*k + 24, -4*k = 2*x - 33 + 9. Calculate the highest common factor of l and x.
4
Suppose -14 = -m - x, 6